{"id":761,"date":"2025-02-17T16:56:03","date_gmt":"2025-02-17T15:56:03","guid":{"rendered":"https:\/\/club-beaute-plaisance.fr\/wordpress\/?page_id=761"},"modified":"2026-03-22T13:31:05","modified_gmt":"2026-03-22T12:31:05","slug":"dessins-peintures","status":"publish","type":"page","link":"https:\/\/club-beaute-plaisance.fr\/wordpress\/index.php\/dessins-peintures\/","title":{"rendered":"DESSINS &#8211; PEINTURES"},"content":{"rendered":"<div class=\"wp-block-image\">\n<figure class=\"aligncenter size-full\"><img loading=\"lazy\" decoding=\"async\" width=\"415\" height=\"570\" src=\"https:\/\/club-beaute-plaisance.fr\/wordpress\/wp-content\/uploads\/2025\/02\/p69gemkk.png\" alt=\"\" class=\"wp-image-760\" srcset=\"https:\/\/club-beaute-plaisance.fr\/wordpress\/wp-content\/uploads\/2025\/02\/p69gemkk.png 415w, https:\/\/club-beaute-plaisance.fr\/wordpress\/wp-content\/uploads\/2025\/02\/p69gemkk-218x300.png 218w\" sizes=\"auto, (max-width: 415px) 100vw, 415px\" \/><\/figure>\n<\/div>\n\n\n<p class=\"has-text-align-center has-vivid-red-color has-text-color has-link-color has-x-large-font-size wp-elements-c06bac317acb8a4eb353102d3b4ef1af\"><strong>DESSIN &#8211; PEINTURE<\/strong><\/p>\n\n\n\n<p><em><strong>Responsable : Annie \u2013 Tous les vendredis de 14 h 30 \u00e0 17 h 00 au Club Lyautey<\/strong><\/em><\/p>\n\n\n\n<p><strong><em>Que vous soyez d\u00e9butants ou confirm\u00e9s, que vous travailliez :<\/em><\/strong><\/p>\n\n\n\n<p><strong><em>\u2013 L\u2019aquarelle (dans des tons \u00e9vanescents)<\/em><\/strong><\/p>\n\n\n\n<p><strong><em>\u2013 La peinture \u00e0 l\u2019huile (faire revivre la nature)<\/em><\/strong><\/p>\n\n\n\n<p><strong><em>\u2013 L\u2019acrylique (\u00e0 la pose tr\u00e8s rapide) ou<\/em><\/strong><\/p>\n\n\n\n<p><strong><em>\u2013 Les pastels ( dans de superbes portraits)<\/em><\/strong><\/p>\n\n\n\n<p><strong><em>Vous trouverez dans un accueil chaleureux, &nbsp;l\u2019assistance pour \u00e9voluer dans la mati\u00e8re qui vous plaira !<\/em><\/strong><\/p>\n\n\n\n<p><strong><em>&nbsp;&nbsp;&nbsp;&nbsp;&nbsp;&nbsp;&nbsp;&nbsp;N\u2019h\u00e9sitez pas ! Venez faire un test !\u2026<\/em><\/strong><\/p>\n\n\n\n<p><\/p>\n\n\n\n<h2 class=\"wp-block-heading has-text-align-center\">Les Rizi\u00e8res<\/h2>\n\n\n\n<figure class=\"wp-block-image size-large\"><img loading=\"lazy\" decoding=\"async\" width=\"1024\" height=\"693\" src=\"https:\/\/club-beaute-plaisance.fr\/wordpress\/wp-content\/uploads\/2025\/02\/937629123560445104-e1739809349951-1024x693.jpg\" alt=\"\" class=\"wp-image-767\" srcset=\"https:\/\/club-beaute-plaisance.fr\/wordpress\/wp-content\/uploads\/2025\/02\/937629123560445104-e1739809349951-1024x693.jpg 1024w, https:\/\/club-beaute-plaisance.fr\/wordpress\/wp-content\/uploads\/2025\/02\/937629123560445104-e1739809349951-300x203.jpg 300w, https:\/\/club-beaute-plaisance.fr\/wordpress\/wp-content\/uploads\/2025\/02\/937629123560445104-e1739809349951-768x520.jpg 768w, https:\/\/club-beaute-plaisance.fr\/wordpress\/wp-content\/uploads\/2025\/02\/937629123560445104-e1739809349951.jpg 1034w\" sizes=\"auto, (max-width: 1024px) 100vw, 1024px\" \/><\/figure>\n\n\n\n<figure class=\"wp-block-gallery has-nested-images columns-default is-cropped wp-block-gallery-1 is-layout-flex wp-block-gallery-is-layout-flex\">\n<figure class=\"wp-block-image size-large\"><img loading=\"lazy\" decoding=\"async\" width=\"1024\" height=\"576\" data-id=\"315\" src=\"https:\/\/club-beaute-plaisance.fr\/wordpress\/wp-content\/uploads\/2024\/10\/WP_20170602_16_07_10_Pro-1024x576.jpg\" alt=\"\" class=\"wp-image-315\" srcset=\"https:\/\/club-beaute-plaisance.fr\/wordpress\/wp-content\/uploads\/2024\/10\/WP_20170602_16_07_10_Pro-1024x576.jpg 1024w, https:\/\/club-beaute-plaisance.fr\/wordpress\/wp-content\/uploads\/2024\/10\/WP_20170602_16_07_10_Pro-300x169.jpg 300w, https:\/\/club-beaute-plaisance.fr\/wordpress\/wp-content\/uploads\/2024\/10\/WP_20170602_16_07_10_Pro-768x432.jpg 768w, https:\/\/club-beaute-plaisance.fr\/wordpress\/wp-content\/uploads\/2024\/10\/WP_20170602_16_07_10_Pro-1536x864.jpg 1536w, https:\/\/club-beaute-plaisance.fr\/wordpress\/wp-content\/uploads\/2024\/10\/WP_20170602_16_07_10_Pro-2048x1152.jpg 2048w\" sizes=\"auto, (max-width: 1024px) 100vw, 1024px\" \/><\/figure>\n\n\n\n<figure class=\"wp-block-image size-large\"><img loading=\"lazy\" decoding=\"async\" width=\"1024\" height=\"576\" data-id=\"316\" src=\"https:\/\/club-beaute-plaisance.fr\/wordpress\/wp-content\/uploads\/2024\/10\/WP_20170602_16_03_46_Pro-1024x576.jpg\" alt=\"\" class=\"wp-image-316\" srcset=\"https:\/\/club-beaute-plaisance.fr\/wordpress\/wp-content\/uploads\/2024\/10\/WP_20170602_16_03_46_Pro-1024x576.jpg 1024w, https:\/\/club-beaute-plaisance.fr\/wordpress\/wp-content\/uploads\/2024\/10\/WP_20170602_16_03_46_Pro-300x169.jpg 300w, https:\/\/club-beaute-plaisance.fr\/wordpress\/wp-content\/uploads\/2024\/10\/WP_20170602_16_03_46_Pro-768x432.jpg 768w, https:\/\/club-beaute-plaisance.fr\/wordpress\/wp-content\/uploads\/2024\/10\/WP_20170602_16_03_46_Pro-1536x864.jpg 1536w, https:\/\/club-beaute-plaisance.fr\/wordpress\/wp-content\/uploads\/2024\/10\/WP_20170602_16_03_46_Pro-2048x1152.jpg 2048w\" sizes=\"auto, (max-width: 1024px) 100vw, 1024px\" \/><\/figure>\n\n\n\n<figure class=\"wp-block-image size-large\"><img loading=\"lazy\" decoding=\"async\" width=\"1024\" height=\"576\" data-id=\"314\" src=\"https:\/\/club-beaute-plaisance.fr\/wordpress\/wp-content\/uploads\/2024\/10\/WP_20170602_16_06_37_Pro-1024x576.jpg\" alt=\"\" class=\"wp-image-314\" srcset=\"https:\/\/club-beaute-plaisance.fr\/wordpress\/wp-content\/uploads\/2024\/10\/WP_20170602_16_06_37_Pro-1024x576.jpg 1024w, https:\/\/club-beaute-plaisance.fr\/wordpress\/wp-content\/uploads\/2024\/10\/WP_20170602_16_06_37_Pro-300x169.jpg 300w, https:\/\/club-beaute-plaisance.fr\/wordpress\/wp-content\/uploads\/2024\/10\/WP_20170602_16_06_37_Pro-768x432.jpg 768w, https:\/\/club-beaute-plaisance.fr\/wordpress\/wp-content\/uploads\/2024\/10\/WP_20170602_16_06_37_Pro-1536x864.jpg 1536w, https:\/\/club-beaute-plaisance.fr\/wordpress\/wp-content\/uploads\/2024\/10\/WP_20170602_16_06_37_Pro-2048x1152.jpg 2048w\" sizes=\"auto, (max-width: 1024px) 100vw, 1024px\" \/><\/figure>\n\n\n\n<figure class=\"wp-block-image size-large\"><img loading=\"lazy\" decoding=\"async\" width=\"1024\" height=\"576\" data-id=\"312\" src=\"https:\/\/club-beaute-plaisance.fr\/wordpress\/wp-content\/uploads\/2024\/10\/A-1024x576.jpg\" alt=\"\" class=\"wp-image-312\" srcset=\"https:\/\/club-beaute-plaisance.fr\/wordpress\/wp-content\/uploads\/2024\/10\/A-1024x576.jpg 1024w, https:\/\/club-beaute-plaisance.fr\/wordpress\/wp-content\/uploads\/2024\/10\/A-300x169.jpg 300w, https:\/\/club-beaute-plaisance.fr\/wordpress\/wp-content\/uploads\/2024\/10\/A-768x432.jpg 768w, https:\/\/club-beaute-plaisance.fr\/wordpress\/wp-content\/uploads\/2024\/10\/A-1536x864.jpg 1536w, https:\/\/club-beaute-plaisance.fr\/wordpress\/wp-content\/uploads\/2024\/10\/A-2048x1152.jpg 2048w\" sizes=\"auto, (max-width: 1024px) 100vw, 1024px\" \/><\/figure>\n\n\n\n<figure class=\"wp-block-image size-large\"><img loading=\"lazy\" decoding=\"async\" width=\"1024\" height=\"576\" data-id=\"311\" src=\"https:\/\/club-beaute-plaisance.fr\/wordpress\/wp-content\/uploads\/2024\/10\/A2-1024x576.jpg\" alt=\"\" class=\"wp-image-311\" srcset=\"https:\/\/club-beaute-plaisance.fr\/wordpress\/wp-content\/uploads\/2024\/10\/A2-1024x576.jpg 1024w, https:\/\/club-beaute-plaisance.fr\/wordpress\/wp-content\/uploads\/2024\/10\/A2-300x169.jpg 300w, https:\/\/club-beaute-plaisance.fr\/wordpress\/wp-content\/uploads\/2024\/10\/A2-768x432.jpg 768w, https:\/\/club-beaute-plaisance.fr\/wordpress\/wp-content\/uploads\/2024\/10\/A2-1536x864.jpg 1536w, https:\/\/club-beaute-plaisance.fr\/wordpress\/wp-content\/uploads\/2024\/10\/A2-2048x1152.jpg 2048w\" sizes=\"auto, (max-width: 1024px) 100vw, 1024px\" \/><\/figure>\n<\/figure>\n","protected":false},"excerpt":{"rendered":"<p>DESSIN &#8211; PEINTURE Responsable : Annie \u2013 Tous les vendredis de 14 h 30 \u00e0 17 h 00 au Club Lyautey Que vous soyez d\u00e9butants ou confirm\u00e9s, que vous travailliez : \u2013 L\u2019aquarelle (dans des tons \u00e9vanescents) \u2013 La peinture \u00e0 l\u2019huile (faire revivre la nature) \u2013 L\u2019acrylique (\u00e0 la pose tr\u00e8s rapide) ou \u2013 [&hellip;]<\/p>\n","protected":false},"author":2,"featured_media":0,"parent":0,"menu_order":0,"comment_status":"closed","ping_status":"closed","template":"","meta":{"iawp_total_views":87,"footnotes":""},"class_list":["post-761","page","type-page","status-publish","hentry"],"_links":{"self":[{"href":"https:\/\/club-beaute-plaisance.fr\/wordpress\/index.php\/wp-json\/wp\/v2\/pages\/761","targetHints":{"allow":["GET"]}}],"collection":[{"href":"https:\/\/club-beaute-plaisance.fr\/wordpress\/index.php\/wp-json\/wp\/v2\/pages"}],"about":[{"href":"https:\/\/club-beaute-plaisance.fr\/wordpress\/index.php\/wp-json\/wp\/v2\/types\/page"}],"author":[{"embeddable":true,"href":"https:\/\/club-beaute-plaisance.fr\/wordpress\/index.php\/wp-json\/wp\/v2\/users\/2"}],"replies":[{"embeddable":true,"href":"https:\/\/club-beaute-plaisance.fr\/wordpress\/index.php\/wp-json\/wp\/v2\/comments?post=761"}],"version-history":[{"count":7,"href":"https:\/\/club-beaute-plaisance.fr\/wordpress\/index.php\/wp-json\/wp\/v2\/pages\/761\/revisions"}],"predecessor-version":[{"id":1002,"href":"https:\/\/club-beaute-plaisance.fr\/wordpress\/index.php\/wp-json\/wp\/v2\/pages\/761\/revisions\/1002"}],"wp:attachment":[{"href":"https:\/\/club-beaute-plaisance.fr\/wordpress\/index.php\/wp-json\/wp\/v2\/media?parent=761"}],"curies":[{"name":"wp","href":"https:\/\/api.w.org\/{rel}","templated":true}]}}